factors of p?
53
Suppose -50 = 2*n - 0. Let t be 1 + -38 + (-4)/(-2). Let y = n - t. List the prime factors of y.
2, 5
Let f = 7 + -5. List the prime factors of (2/3)/(f/24).
2
Suppose -153 + 688 = 5*t. List the prime factors of t.
107
What are the prime factors of (-2)/(-12) - 1383/(-18)?
7, 11
Let p = -418 - -586. What are the prime factors of p?
2, 3, 7
Suppose 0 = 5*h - 4*h - 102. What are the prime factors of (-8)/28 + h/14?
7
Suppose -p + 5 = -0. Suppose p*r + 96 = 4*h + r, 70 = 3*h - r. What are the prime factors of h?
23
Suppose y = -3*y + 52. What are the prime factors of y?
13
Suppose 2*p - 26 - 14 = 0. Suppose -3*f = -p + 2. List the prime factors of 45/f + 4/(-8).
7
Let f(r) = 5*r**2 - 9*r - 13. What are the prime factors of f(-2)?
5
What are the prime factors of (2/10 + -1)*-90?
2, 3
Let w = 229 + -109. List the prime factors of w.
2, 3, 5
Let i be (-2)/2*2 + 5. What are the prime factors of 17 + 2 - (i - 0)?
2
Suppose -3*t = g - 67, 2*t - g - g - 50 = 0. What are the prime factors of t?
23
Let c(r) = -r + 21. Let x be c(0). Let d = x + 16. Let v = d + -26. What are the prime factors of v?
11
Let n(c) = c**3 - 5*c**2 - 6*c + 1. Let q be n(6). Let y = q - -3. Suppose -y*r = 4*k - 36, 2*k - 2*r - 18 = -6*r. List the prime factors of k.
3
Suppose -2*d + 90 = -5*x, 3*d - 111 = 3*x + 42. Suppose -4*z - z = -d. What are the prime factors of z?
11
Suppose 0 = -3*c + 3*j + j + 95, 2*j = -4*c + 134. List the prime factors of c.
3, 11
Let o(r) = r**3 - 14*r**2 + 5*r - 9. List the prime factors of o(14).
61
Suppose 5*f - 15 = j, j + j + 10 = 5*f. Suppose 0*n + 2*t + 152 = 4*n, 2*n = f*t + 88. What are the prime factors of n?
2, 3
Suppose 0 = 5*q - 13 + 3. Suppose 2*f - 32 = -q*f. List the prime factors of f.
2
Suppose -82 = -4*z - 2. Let a = -9 + z. What are the prime factors of a?
11
Suppose 0*k = -5*k. Let q = k + 4. Suppose q*x - x + 4*i = -6, 4*x - 14 = 2*i. What are the prime factors of x?
2
Suppose 0 = -3*a - 3*j + 2*j + 32, -2*j + 10 = 0. What are the prime factors of 0/3 - (0 - a)?
3
Let g = 10 - 13. List the prime factors of 49 + (-1)/(-2 - g).
2, 3
Let x(c) = c**2 - 5*c - 3. Let s be x(4). Let j(i) = i**2 + 7*i - 8. Let w be j(s). What are the prime factors of ((-2)/4)/(1/w)?
2
List the prime factors of (-5)/(-20) - (-318)/8.
2, 5
Suppose 77 = 3*j + 5*z, z + 73 = 3*j + 2*z. Let w = -2 + j. Suppose 2*x = 0, 2*a - w = 3*x - 6*x. What are the prime factors of a?
11
Let s = 4 - -1. Let b(f) = -4*f**3 - s + 5*f**2 + 3*f**3 + f + 0*f**2. List the prime factors of b(4).
3, 5
Let o = 199 - 114. What are the prime factors of o?
5, 17
Let b be 185/(-10) - (-3)/(-6). What are the prime factors of (-1 - (1 + b)) + 3?
2, 5
Let y = 15 + -13. What are the prime factors of ((-40)/12)/(y/(-24))?
2, 5
Let g be -1 - -62*1/2. Suppose 0 = 2*w + w - g. List the prime factors of w.
2, 5
Suppose 0 = d - 4*s + 6*s - 183, 2*d - 5*s - 339 = 0. List the prime factors of d.
3, 59
List the prime factors of 9/(-6) - (217/(-2) - -2).
3, 5, 7
Suppose -3 + 9 = -3*f - 3*a, 0 = -4*a + 4. Let h be -10*6/45*f. Suppose -17 - 19 = -h*c + 3*j, -2*j = -4*c + 36. List the prime factors of c.
3
Suppose -6*y + 2*y + 100 = 0. List the prime factors of y.
5
Let i(a) = a**3 + 5*a**2 - 3*a. Let h(j) = -2*j**3 - 6*j**2 + 3*j. Let n(g) = -2*h(g) - 3*i(g). Let c be n(2). What are the prime factors of 0 + 3*c + 0?
2, 3
Suppose g - 16 = 5*t, 0 = 4*g - 2*t - 2*t - 80. List the prime factors of g.
3, 7
Let d = 7 + 82. What are the prime factors of d?
89
Suppose 9*b - 48 = 5*b. What are the prime factors of b?
2, 3
Suppose k - 230 = -3*k - v, 2*v + 62 = k. Suppose -5*z - k = -7*z. What are the prime factors of z?
29
Suppose -1 + 0 = c. Let i be c/3 - (-2)/(-3). Let z = i - -5. List the prime factors of z.
2
Let n(f) = 78*f + 6. What are the prime factors of n(3)?
2, 3, 5
Let y(f) = f**3 - 3*f**2 - 7*f + 7. Let p(a) = 2*a**2 - 2*a + 2. Let c be p(2). Let d be y(c). Let b = -51 + d. What are the prime factors of b?
2, 11
Suppose 164 = 5*h - 3*h. What are the prime factors of h?
2, 41
Let i(v) be the second derivative of -v**5/20 - 7*v**4/6 - 7*v**3/3 - 9*v**2/2 - 3*v. Let n be i(-13). Suppose -2*w + 4 = -n. List the prime factors of w.
2
Let t(o) = 18*o + 1. Let i be t(1). Suppose 3*z + 7 = i. List the prime factors of z.
2
Let d = 55 + -39. List the prime factors of d.
2
Let k(y) = y**2 - 2*y - 4. Let i be k(4). Suppose -3*q - i*m = -65, 5*m - 15 = 10. Suppose 5*w + 25 = 4*p, 0*p - 5*w = -2*p + q. List the prime factors of p.
5
Let o(r) = -r**3 - 2*r**2 + r - 1. Let p be o(-3). Suppose v + 3*u = -p, 0 = -2*v - u - u + 2. What are the prime factors of (-79)/(-9) - v/(-18)?
3
Let t(u) = -3*u**2 + u - 1. Let x be t(-2). Let v = x + 8. Let m = v + 11. What are the prime factors of m?
2
Suppose 2*q = x + q - 71, 0 = -4*x - 4*q + 284. List the prime factors of x.
71
Suppose -3*b + 5*b + 5*n + 14 = 0, 23 = b - 5*n. Suppose -m + b*m = 16. Suppose z + z = m, -20 = -4*d + z. List the prime factors of d.
2, 3
Let z be -2*(45/(-6) - -4). What are the prime factors of z + -2 + -2 + 3?
2, 3
Let m(i) = 5*i**2 + 7 - 6*i**2 + 2*i**2 - 10*i + 0. What are the prime factors of m(10)?
7
Suppose -2*d = 3*o - 61, d = 2*d - 2. Suppose 2*h + f = 43, o = h + f - 3*f. What are the prime factors of h?
3, 7
Suppose 18 = b - 11. Let g = -17 + b. What are the prime factors of ((-8)/g)/(4/(-78))?
13
List the prime factors of (-21)/(1/(30/(-9))).
2, 5, 7
Suppose -2*v + 140 = 2*v. What are the prime factors of v?
5, 7
Suppose 4*m + 2 = 18. Suppose -m*f - 12 = 4*x, 3*x = 2*f - 3*f - 13. Suppose 4*n = f*j - 38, -j + 3*n = 4*n - 7. What are the prime factors of j?
11
Let t = -9 + 9. Let a = 11 + t. What are the prime factors of a?
11
Suppose 4*f - 3*g + 6 = 5*f, -g = -4*f + 24. What are the prime factors of (-100)/(-12) + 4/f?
3
Suppose 0 = 5*n - n - 12. Let f = 5 - n. What are the prime factors of 0 - ((f - 14) + 0)?
2, 3
Let r = -2 - -4. Let p be (-1*1)/(r/18). Let w = p - -16. What are the prime factors of w?
7
Suppose 4*m = -0*m + 32. Suppose m = -2*d + 3*d. What are the prime factors of d?
2
Let f = -57 + 109. What are the prime factors of f?
2, 13
Let z = 54 - 32. What are the prime factors of z?
2, 11
Let q be (-2 + 0)/(1/2). Let l be 16/3 - q/(-12). Let b = -1 + l. What are the prime factors of b?
2
Let o = 0 - -2. Suppose 26 = i - o*c - c, i - 16 = c. What are the prime factors of i?
11
Let o be (-4 + 6)*(4 - 0). Suppose -3*m + 4*m - o = 0. What are the prime factors of m?
2
Let g(x) be the first derivative of 9/2*x**2 - 1/4*x**4 + 3*x - 3*x**3 - 4. List the prime factors of g(-10).
13
Suppose 3*o = v - 18 - 27, 2*v = -3*o + 135. What are the prime factors of v?
2, 3, 5
Let m(g) = g**3 - 4*g**2 + g - 1. Let x be m(4). Suppose -2*a - x*a = -75. List the prime factors of 159/a - (-4)/10.
11
Suppose 3*c - c = 3*o - 22, -3*c = 5*o - 62. Suppose 0 = -4*m + 2 + o. What are the prime factors of m?
3
Suppose 2*f + f - 45 = 0. Let a(k) = -9*k**2 + k. Let i be a(-1). Let s = f + i. List the prime factors of s.
5
Let r = 324 + -155. What are the prime factors of r?
13
Let a be 3 + 0 + 0 + 3. List the prime factors of ((-8)/a)/((-4)/54).
2, 3
Suppose 4 + 3 = -l. Let v be 2 + -3 - (-34)/(-2). Let a = l - v. What are the prime factors of a?
11
What are the prime factors of 141/9*(-27)/(-3)?
3, 47
Let b(z) be the first derivative of -z**3/3 - 4*z**2 - 2*z - 2. List the prime factors of b(-7).
5
Suppose 6 = 2*q - 0. Suppose 0 = q*m - 2*s - 10, 4*s = -5*m - 0*s + 2. Suppose 5*d = 8 + m. List the prime factors of d.
2
Suppose 6*j - 3*j + 15 = 0. Let u = j + 4. Let q(a) = -4*a. What are the prime factors of q(u)?
2
Suppose -4*j + 408 = -0*o + 5*o, 3*j = -2*o + 159. What are the prime factors of o?
2, 3, 7
Suppose -2*a = -21 + 3. What are the prime factors of 6/((-6)/a + 1)?
2, 3
Suppose -5*a = -2*s + 1 - 11, s + a - 9 = 0. Let v(x) = 7 + 6*x - x**2 - s*x + 7*x. List the prime factors of v(8).
7
Suppose 0 = 5*x - 2*k - 126, 2*x = k + 62 - 11. List the prime factors of x.
2, 3
Let d be (18/15)/((-3)/(-15)). What are the prime factors of (232/(-12))/((-4)/d)?
29
Let w(h) = h - 1. Let v be w(-3). Let y be v - (-3 + 3/1). Let k = y + 21. List the prime factors of k.
17
Suppose s - 2 = -w - 14, 5*s - 2*w = -81. Let y = s - -29. What ar